mon divisor of 120 and 96195?
15
What is the highest common factor of 10344 and 1488?
24
What is the highest common factor of 385 and 104335?
385
Calculate the greatest common factor of 1249015 and 1.
1
What is the highest common divisor of 551771 and 44?
11
Calculate the greatest common divisor of 252218 and 46.
46
Calculate the highest common factor of 610236 and 704.
44
What is the greatest common factor of 430 and 201690?
10
What is the highest common divisor of 474 and 11613?
237
Calculate the greatest common divisor of 36 and 22072788.
36
What is the greatest common divisor of 159 and 835969?
53
What is the greatest common factor of 77 and 19509?
7
Calculate the greatest common divisor of 2565927 and 63.
63
Calculate the greatest common divisor of 178842 and 246.
246
Calculate the greatest common divisor of 140 and 491344.
28
What is the highest common factor of 16296 and 16?
8
Calculate the highest common factor of 5 and 444390.
5
What is the highest common factor of 5945 and 287?
41
Calculate the greatest common divisor of 108150 and 55002.
618
What is the greatest common divisor of 1682808 and 168?
24
Calculate the highest common divisor of 68080 and 9990.
370
What is the highest common divisor of 207 and 598?
23
What is the highest common divisor of 200 and 143050?
50
Calculate the greatest common factor of 200 and 26575.
25
What is the highest common factor of 1608 and 10392?
24
What is the highest common divisor of 33792 and 74112?
384
Calculate the highest common factor of 866 and 4358.
2
Calculate the greatest common divisor of 2408 and 86387.
301
Calculate the greatest common factor of 12890 and 110.
10
Calculate the greatest common factor of 6 and 374.
2
What is the greatest common factor of 2733002 and 206?
206
Calculate the greatest common factor of 8108200 and 16.
8
What is the greatest common divisor of 48562 and 2?
2
What is the highest common divisor of 63 and 5003586?
63
What is the highest common divisor of 136 and 52068?
4
What is the highest common divisor of 5695 and 47369?
67
Calculate the highest common factor of 20 and 496970.
10
What is the greatest common divisor of 6008 and 298?
2
Calculate the greatest common factor of 3939 and 450258.
303
Calculate the highest common factor of 100 and 3768020.
20
Calculate the greatest common factor of 37065 and 2835.
105
What is the highest common divisor of 15882 and 18?
6
What is the highest common factor of 848 and 70013?
53
What is the highest common factor of 54 and 32436?
18
Calculate the highest common divisor of 18264620 and 1361.
1361
Calculate the greatest common divisor of 208 and 8096.
16
What is the greatest common factor of 15 and 487605?
15
Calculate the highest common factor of 604 and 197206.
302
Calculate the greatest common factor of 825 and 6138.
33
Calculate the highest common factor of 7220675 and 55.
55
Calculate the highest common factor of 1023 and 10164.
33
Calculate the greatest common factor of 12 and 332668.
4
Calculate the greatest common divisor of 81344 and 12276.
124
What is the greatest common factor of 523303 and 565?
113
What is the highest common divisor of 19112 and 56?
8
Calculate the greatest common divisor of 4256 and 400.
16
What is the greatest common factor of 2412 and 150966?
18
What is the greatest common factor of 31 and 60419?
31
Calculate the greatest common factor of 4536168 and 8.
8
What is the highest common factor of 819 and 4680?
117
Calculate the highest common factor of 1 and 11981.
1
Calculate the greatest common divisor of 78 and 144794.
26
What is the greatest common divisor of 79990 and 1520?
190
What is the greatest common factor of 1860639 and 33?
33
What is the highest common factor of 26469149 and 287?
287
Calculate the highest common divisor of 4212 and 122472.
324
Calculate the greatest common factor of 92 and 186829.
23
Calculate the greatest common factor of 109160 and 120.
40
Calculate the highest common factor of 195 and 34755.
15
Calculate the greatest common divisor of 15626 and 130.
26
Calculate the greatest common factor of 10788 and 377.
29
What is the greatest common factor of 8826 and 78?
6
Calculate the highest common factor of 566685 and 672.
21
What is the greatest common divisor of 167343 and 297?
33
Calculate the greatest common divisor of 4098 and 78.
6
What is the greatest common factor of 258 and 3439398?
258
Calculate the greatest common divisor of 160 and 321290.
10
Calculate the highest common divisor of 1879722 and 290.
58
What is the greatest common divisor of 46956 and 96?
12
Calculate the highest common factor of 366840 and 72.
72
Calculate the highest common divisor of 12 and 19693644.
12
Calculate the highest common divisor of 1232 and 158312.
616
What is the highest common divisor of 2210 and 65?
65
Calculate the highest common divisor of 16 and 1785968.
16
Calculate the highest common factor of 3328 and 29029.
13
Calculate the greatest common factor of 2619518 and 66.
22
What is the greatest common divisor of 1091460 and 12?
12
Calculate the highest common divisor of 594 and 9834.
66
What is the greatest common divisor of 376649 and 91?
91
Calculate the highest common factor of 592928 and 96.
32
What is the highest common factor of 850182 and 84?
6
What is the highest common factor of 11 and 117029?
11
What is the highest common divisor of 275 and 33924?
11
What is the greatest common factor of 888748 and 28?
28
What is the greatest common divisor of 5124 and 525?
21
Calculate the greatest common divisor of 60 and 22956.
12
Calculate the greatest common divisor of 612821 and 11.
11
What is the highest common factor of 1250051 and 1331?
121
Calculate the highest common factor of 101464 and 4136.
88
What is the highest common factor of 1750 and 470?
10
Calculate the highest common divisor of 49 and 7910.
7
Calculate the greatest common factor of 639230 and 1067.
97
What is the greatest common factor of 3204 and 13884?
1068
Calculate the greatest common divisor of 1750 and 736610.
70
Calculate the highest common factor of 948 and 24.
12
What is the greatest common factor of 44 and 1227039?
11
What is the greatest common factor of 11017 and 299?
23
What is the greatest common factor of 1156 and 535772?
68
What is the highest common factor of 93 and 109771?
31
What is the highest common divisor of 26244 and 576?
36
Calculate the greatest common factor of 720 and 427720.
40
What is the greatest common factor of 630 and 42000?
210
Calculate the highest common divisor of 1981308 and 618.
618
Calculate the greatest common factor of 89784 and 172.
172
What is the greatest common divisor of 19844 and 3362?
82
What is the highest common divisor of 2062060 and 260?
260
What is the greatest common factor of 348 and 14181?
87
Calculate the greatest common factor of 312672 and 96.
96
What is the greatest common factor of 7154 and 64?
2
Calculate the greatest common factor of 1134 and 216.
54
What is the greatest common factor of 2376 and 379368?
792
Calculate the highest common factor of 824 and 2476532.
412
Calculate the greatest common factor of 84328 and 7636.
332
What is the greatest common divisor of 131029 and 23613?
463
Calculate the greatest common factor of 171417 and 9.
3
What is the highest common factor of 4867 and 64213?
157
What is the highest common factor of 717471 and 27?
27
Calculate the greatest common factor of 718 and 8886686.
718
What is the highest common factor of 1792 and 210?
14
Calculate the greatest common factor of 3 and 28434.
3
What is the greatest common factor of 101075 and 130?
65
Calculate the greatest common factor of 452 and 4129133.
113
Calculate the highest common factor of 1043647 and 561.
187
Calculate the highest common factor of 93489 and 8646.
33
Calculate the greatest common divisor of 437 and 45144.
19
Calculate the greatest common divisor of 11 and 14369.
1
What is the greatest common factor of 5302 and 110?
22
What is the greatest common divisor of 11752 and 32656?
104
Calculate the greatest common factor of 273 and 177618.
21
What is the highest common factor of 6237 and 171?
9
Calculate the greatest common divisor of 11908 and 208848.
916
Calculate the highest common divisor of 17228 and 1168.
292
Calculate the highest common factor of 8 and 